)
-26
-79 - (-1 - 61) - (-50 + 0)
33
Calculate 33 - (5 - ((-136 - -140) + -1 + -3)).
28
Calculate 3 - (18 + -17 + 6) - 9.
-13
Evaluate (19 - (15 + -15)) + -15.
4
What is -1 - (7 - (-13 - -27)) - 26?
-20
Calculate (6 - 12 - 5) + 10 + -5.
-6
What is the value of (-6 - -4) + 6 + 3 + -3?
4
Calculate 7 + 9 + (-56 - -35).
-5
55 + 21 + -92 - (-8 - 1)
-7
What is (-4 - 1) + -1 + 26 + -28?
-8
What is 13 - ((-6 - -15) + 8)?
-4
Evaluate 0 + -10 - (-27 + 13 + 13).
-9
What is the value of 3 - (-15 - (-8 + -8))?
2
Evaluate -4 + 10 - (3 - (11 + -2 + -7)).
5
-4 + (2 - 7) - -3
-6
What is the value of (-6 - 0 - (-61 + 46)) + -13 - 12?
-16
What is the value of 51 + -49 + 6 - (5 - (-1 - 0))?
2
What is the value of (1 - 11) + 1 + 3 + -3 + -5?
-14
(13 - -1 - -6) + -28 + 30
22
Calculate 2 + 0 + (-7 + -1 - -5) + 5.
4
Evaluate 5 + (-5 + 4 - (-3 + 3)).
4
Evaluate -1 + (-2 - -34) + (2 - -1 - 7).
27
Calculate 37 + -7 + -15 - 4.
11
1 - (-5 + 22) - (-5 + 4 - -2)
-17
Calculate 13 + -2 + -1 - ((-6 - 13) + 21).
8
Evaluate 1 + (-9 - -10 - 0) + -7 + 1.
-4
(9 - 16) + 2 + 9
4
Calculate -47 + (59 - (67 + -23)).
-32
Calculate (-5 - 1) + 44 + -45 + 12.
5
Evaluate -2 + -6 + (183 - 154).
21
Evaluate -1 - (-2 + 2 - -1) - (56 - 59).
1
What is the value of (-5 - -1) + (-2 + -1 - (25 + -35))?
3
Calculate 3 + -18 + 11 + -10.
-14
What is -4 - (15 + -21 + 0)?
2
-1 + -2 - (4 - -1 - 11)
3
What is the value of -5 + 3 + -9 + -255 + 296?
30
Evaluate 0 - (-1 + 3 + (-2 - 7)) - 9.
-2
What is the value of -1 + -13 - (-3 + 1 + -3 - -1)?
-10
Calculate 1 - -12 - 9 - (1 + -1 + 12).
-8
-5 + 4 + 1 + -8
-8
Calculate 3 + -1 + 5 + (-19 - -21) + -26.
-17
-27 - (4 + 0 + -15)
-16
Calculate -16 - (1 + 0 + 1 - (170 - 162)).
-10
What is the value of (0 - -18) + (-9 - (7 + -2))?
4
What is 40 + -49 + -27 + 66?
30
(113 - 61) + -80 - (-11 - -1)
-18
What is -2 + (2 - 0) + 5 + -4 + -1?
0
Evaluate (105 - (15 - -109)) + (0 - (-4 - -1)).
-16
Evaluate -2 + 10 + -14 + 20.
14
What is 1 + 0 + -3 - (257 + -254) - 0?
-5
What is the value of -10 + 6 + 39 + -22?
13
What is the value of 139 + -157 + 14 + 1?
-3
Calculate -19 + 36 + -2 + (-5 + -2 - -14).
22
Calculate (6 - (6 - 4)) + (-19 - (0 - 6)).
-9
Evaluate 22 + (-46 - -20) - -4.
0
Calculate (-6 - -1) + (5 - (-26 + (-6 - -22))).
10
What is the value of (-46 - -7) + (33 - 16)?
-22
What is the value of (6 - (3 + 5 + -5)) + (-2 - -7)?
8
Evaluate (26 + -36 - -15) + (0 - -8).
13
Calculate 146 - 133 - (-3 + 1 - 3).
18
Calculate 13 - 11 - (-14 - 1 - (-25 - -21)).
13
Evaluate (-1 - -12) + 781 + -767.
25
Calculate -4 + 2 - (11 + -1 - (20 + -15)).
-7
Evaluate 1 - 7 - -2 - (278 - 281).
-1
-15 - (3 - 8) - -6
-4
What is (-5 + -3 - (-15 + 14)) + 11?
4
What is the value of (-1 + -3 - -3 - 8 - -27) + 8?
26
What is the value of -4 + 0 + -14 + (113 - 100)?
-5
(30 - 55) + 35 + -1 + -2 + 7
14
Evaluate -4 - 1 - -6 - ((6 - -10) + -6).
-9
What is -14 - (14 - (7 + 18)) - 6?
-9
What is (2 - 3) + -2 - (10 - -2 - 20)?
5
What is the value of -4 + (4 - (2 - -2)) + (-6 - -1)?
-9
7 - (-216 - -210 - (12 + (0 - 0)))
25
What is (-14 - -3) + -4 - (40 + -39)?
-16
Calculate -11 + 7 - (-20 - -1).
15
Calculate 4 - (24 + -10) - (13 - 12).
-11
What is the value of 42 + -86 + 8 - -11?
-25
Evaluate -5 - (2 - 3) - (-8 + 4).
0
Evaluate (-73 - -47) + 10 + 3.
-13
What is the value of (38 - 4) + -20 + 5?
19
What is the value of 8 + (8 - (-3 - (-16 + -10)))?
-7
15 + (-40 + (16 - -1) - -13)
5
Evaluate -11 + (-9 - (2 - (21 - 9))).
-10
-16 - (10 + 1 - (2 + 5))
-20
What is the value of 0 - 2 - 7 - (49 - 54)?
-4
What is 1 - -6 - 0 - (-9 - -6)?
10
1 + -9 + (31 - 40) + (16 - -1)
0
What is -5 - (-1 + (-2 - 8) + 4)?
2
What is -17 + 1 + 8 + (26 - -12)?
30
Calculate -11 - (-44 - (-8 + -4) - -2).
19
What is (6 - ((6 - -12) + -10)) + -1 + 21?
18
What is the value of -83 + 100 - (26 - 0)?
-9
What is -19 + 13 + -6 - -9?
-3
What is the value of 12 + -5 - ((26 - -10) + -2)?
-27
Calculate (-2 - 1 - (368 - 378)) + (1 - -9).
17
What is 5 + 12 + -7 + -3 + -4 + -23?
-20
What is the value of -3 + 0 - (38 - 113 - -53)?
19
1 + -5 + (-2 - -17) + -15
-4
Calculate -11 - (-6 + (18 - 16)).
-7
What is 13 + (-12 - -4) + -3 - 7?
-5
Evaluate (7 - 10) + (-14 + -2 + 5 - 3).
-17
Calculate -6 - ((-22 - -22) + (0 - 7)) - 18.
-17
What is (-4 + 9 - -5) + (-17 - 0) + -11?
-18
Calculate 3 + 6 + -4 + -16 + 4.
-7
What is the value of 11 + -20 + (-20 - 2)?
-31
What is (-6 - 14) + 20 + -22?
-22
Calculate -3 - -115 - 43 - 42.
27
Evaluate 24 + (-15 - 7 - -11 - -15).
28
What is (-6 - -7) + 11 + (-14 - -8)?
6
Calculate -1 + 16 - (-21 - -30).
6
0 - -8 - (-50 + 52)
6
0 + (-9 - 1) - (-40 + 19 + 18)
-7
What is the value of (46 - 81 - -39) + (-1 - -5)?
8
Calculate -14 - -6 - -8 - (-2 + -1).
3
Calculate -63 + 31 - -23 - -2.
-7
1666 + -1689 - (-10 + -1)
-12
64 + -56 - (11 - 6)
3
Evaluate 4 + 37 + (-301 - -257).
-3
Calculate -13 + 32 + -6 - 8.
5
Calculate -7 + (13 - 6) + (-7 - -17).
10
What is the value of (0 - -5) + 1 - (-2 - (-72 + 56))?
-8
Calculate (-25 - -33 - 25) + 21.
4
What is -9 + (8 + -12 - (-4 - (-3 - -4)))?
-8
What is the value of (-1 - -10) + (-14 - -7) + -24?
-22
Calculate (4 - 18) + 11 + -1 + (5 - -18).
19
What is (-1 - 13) + 10 + 5?
1
Evaluate 1 + -1 - (2 + -4 - (11 - 15)).
-2
Calculate 17 + -5 + (6 - (-2 + 15)).
5
What is -24 - (-3 - 1) - (-95 + 85)?
-10
What is (-11 - 1) + (70 - (-26 - -72))?
12
Evaluate (-1 - (5 + 4 - 2 - 11)) + -11.
-8
Calculate -10 - (-13 + (-4 - -3 - 6)).
10
What is 16 - 6 - (2 - -22 - 7)?
-7
What is the value of 0 + (-118 - -135) + 0 + -3?
14
-8 + 4 + 1 + 3 + 2
2
3 + (0 - (9 + -21)) - 47
-32
Evaluate 12 - (-33 + 30) - -5.
20
1 + 1 - (2 + (-4 - -2) - 2)
4
What is the value of -6 + (2 - -4) + (-88 - -115)?
27
What is the value of 1 - 3 - (-6 + 1) - -22?
25
What is -8 + (0 - (8 + -8))?
-8
Evaluate 29 + 38 + -62 + 23.
28
What is 20 + (7 - -1) + -22 + -11?
-5
Evaluate -32 - (-15 + 6) - (9 - 4 - 4).
-24
What is -157 + 106 - (-42 + 3)?
-12
What is -1 + -5 + -222 + 237?
9
What is the value of (-10 - (-3 + -6) - 3) + 1?
-3
What is (4 - (5 + -1 + -1)) + -15 + 15?
1
(1 - -3) + 96 + -96
4
67 + -50 + (-24 - 0)
-7
Evaluate 0 - (-6 + (5 - (0 - (-10 - -4)))).
7
Evaluate (0 - 3 - -3) + -21 + -1 + 30.
8
Evaluate (-10 - 1) + (11 - (19 - 6)).
-13
Calculate -7 - (15 - (-11 - -39)).
6
What is the value of -5 - (-106 + 123 + (-2 - 49))?
29
What is the value of -2 + (-13 - (-4 - 1) - 0)?
-10
What is the value of 7 + -2 + (-8 - 0) + 7 + 3?
7
What is -17 + 21 + -26 + 11?
-11
Evaluate -10 + (30 - 26) - ((1 - 0) + -1).
-6
Evaluate -1 + -54 + -1 + 33.
-23
What is the value of -34 + 3 + (-53 - -68) - -15?
-1
What is the value of (-5 + 32 - 10) + -22?
-5
What is -16 + 2 + -1 + 4?
-11
Evaluate (1 - (10 - 5)) + 23.
19
What is the value of -4 - -19 - (-15 - -9 - -13) - 1?
7
Calculate -1 + -3 - (-55 - (-7 - 17)).
27
Calculate 11 - 13 - 0 - (2 + -1).
-3
What is the value of -78 + 85 + 1 + -9?
-1
What is 15 + -17 + 15 + 6 + -16?
3
What is the value of -19 - (-4 - (2 + -4) - (3 - 3))?
-17
Calculate 24 + -1 - (-1131 - -1129).
25
Calculate (-421 - -440) + (-1 - 14).
4
What is -19 - (-1 + 3 + 4 - (10 + 3))?
-12
4 + -4 - -6 - -2 - 0
8
What is the value of -27 - (-57 - (-13 - 28))?
-11
Calculate -26 + (37 - 27) - (-9 + 1).
-8
What is the value of 11 + -17 - (-19 + 8 - -7)?
-2
Evaluate (4 - -13) + -3 - (-70 - -71).
13
Calculate (39 - 61) + 1 + 3.
-18
Calculate (7 - 9) + 9 + -43 + 41.
5
What is -40 - (70 - 116) - (-21 + -1 + 2)?
26
Evaluate 21 + -11 - 17 - -5.
-2
What is the value of -8 + (20 + -6 - 6) + -5?
-5
What is the value of -13 - (-9 - (5 - -7))?
8
What is (15 - (-5 + 3)) + -28?
-11
Evaluate -6 + -1 - (-6 + 3) - (1 + -9).
4
What is -60 - -53 - (3 + -4 - (3 + 0))?
-3
Evaluate -10 + (0 - 4) - -11.
-3
What is 23 - 0 - (-20 + 52)?
-9
Calculate (-6 + 6 - 24 - -6) + -13 + 9.
-22
-1 + 0 + -2 - (70 + -63)
-10
What is the value of -5 + 6 + (-202 - -215)?
14
Evaluate -12 + 0 + 47 + -39.
-4
What is the value of (-23 - -25) + (-1 - 3 - -1 - -18)?
17
What is the value of 7 + (-2 - 1 - -12 - 21)?
-5
What is -20 + (-6 - -1) + -1 + (33 - 22)?
-15
-25 + 19 + (27 - 28)
-7
-14 + -1 + -73 + 84 - (-17 + 1)
12
What is the value of (1 - 4) + (-17 - -16 - -8)?
4
What is -240 - -211 - (-3 - 5)?
-21
Evaluate (18 - 1) + 36 + (-2 - 43).
8
Calculate (26 - 34) + (-2 - -23) + -26.
-13
What is 27 + -37 + (2 - (